visor of 23083 and 1312?
41
Calculate the greatest common factor of 581193 and 72.
9
Calculate the highest common factor of 36 and 7252.
4
Calculate the greatest common factor of 23364 and 19404.
396
What is the greatest common factor of 35340 and 660300?
1860
What is the highest common factor of 1778 and 8386?
14
Calculate the greatest common factor of 8447207 and 58.
29
Calculate the highest common factor of 1957 and 19879.
103
What is the greatest common factor of 23330 and 160?
10
What is the highest common divisor of 88320 and 575?
115
Calculate the greatest common factor of 14554204 and 28.
28
Calculate the greatest common divisor of 158732 and 22.
2
Calculate the greatest common divisor of 5 and 110555.
5
What is the highest common factor of 79971 and 4351?
19
Calculate the highest common divisor of 27889 and 835.
167
Calculate the greatest common divisor of 90 and 184530.
30
Calculate the greatest common divisor of 32825 and 2300.
25
What is the greatest common divisor of 680 and 452?
4
What is the highest common factor of 211 and 232733?
211
Calculate the greatest common factor of 4218 and 7866.
114
Calculate the highest common factor of 9169 and 1557.
173
What is the highest common divisor of 141490 and 170?
10
Calculate the greatest common divisor of 192891 and 1017.
339
Calculate the highest common divisor of 3034 and 2516.
74
What is the highest common factor of 955548 and 24?
12
Calculate the highest common factor of 9614 and 418.
418
Calculate the greatest common divisor of 280 and 3240.
40
Calculate the highest common divisor of 25 and 1288150.
25
What is the highest common factor of 151 and 31?
1
Calculate the highest common factor of 7380 and 2580.
60
What is the highest common factor of 112 and 1036?
28
Calculate the highest common divisor of 1127 and 2783.
23
What is the highest common divisor of 9240 and 29970?
30
What is the greatest common divisor of 110 and 9416?
22
What is the greatest common divisor of 13 and 361?
1
Calculate the greatest common factor of 14905 and 513545.
1355
Calculate the greatest common divisor of 922672 and 48.
16
Calculate the highest common factor of 809608 and 136.
136
Calculate the highest common factor of 58 and 1654421.
29
What is the highest common divisor of 106 and 1199125?
53
Calculate the greatest common divisor of 41132 and 546.
182
What is the greatest common divisor of 33776 and 16?
16
What is the highest common divisor of 570 and 17556?
114
What is the highest common factor of 16 and 1240688?
16
Calculate the highest common divisor of 1084 and 2715962.
542
Calculate the greatest common factor of 2052 and 900.
36
Calculate the highest common divisor of 1445 and 65.
5
What is the highest common factor of 109130 and 2324?
14
Calculate the greatest common factor of 119251 and 555.
37
What is the highest common factor of 4 and 155084?
4
What is the greatest common divisor of 1239852 and 48?
12
What is the greatest common divisor of 34618 and 247?
19
What is the greatest common divisor of 9347156 and 364?
364
Calculate the greatest common divisor of 130 and 7418905.
65
Calculate the greatest common divisor of 155205 and 2610.
45
What is the greatest common factor of 4017 and 8333?
13
Calculate the highest common divisor of 510 and 25.
5
What is the greatest common divisor of 42097 and 172?
43
What is the highest common divisor of 368 and 5215664?
368
What is the highest common factor of 1320 and 3795?
165
Calculate the greatest common divisor of 429 and 647504.
143
What is the highest common divisor of 65 and 1275?
5
Calculate the greatest common divisor of 273 and 2436.
21
Calculate the greatest common factor of 524 and 44147.
131
What is the greatest common factor of 76038 and 4669?
667
Calculate the greatest common divisor of 3745 and 2975.
35
What is the highest common factor of 776760 and 880?
40
Calculate the greatest common divisor of 794263 and 157.
157
What is the greatest common factor of 221 and 26503?
17
What is the highest common divisor of 25680 and 240?
240
Calculate the greatest common divisor of 30147 and 1131.
39
Calculate the greatest common divisor of 141 and 2411617.
47
Calculate the greatest common divisor of 103460 and 3780.
140
Calculate the highest common factor of 72842 and 121.
121
Calculate the greatest common divisor of 768 and 53304.
24
Calculate the greatest common divisor of 112819 and 497.
497
Calculate the greatest common factor of 765765 and 3060.
765
Calculate the greatest common factor of 740 and 5645.
5
What is the greatest common factor of 168 and 34356?
84
What is the greatest common divisor of 8207468 and 1367?
1367
What is the highest common divisor of 105 and 45755?
5
What is the highest common divisor of 412 and 8549?
103
Calculate the highest common divisor of 34472 and 806.
62
Calculate the highest common factor of 2538 and 1458.
54
Calculate the highest common factor of 20900 and 3475.
25
Calculate the highest common divisor of 136 and 632.
8
What is the highest common factor of 5960 and 24734?
298
What is the highest common divisor of 704 and 32692?
44
What is the highest common factor of 13 and 3896?
1
Calculate the highest common factor of 36192 and 3756.
12
What is the highest common divisor of 11513 and 58?
29
What is the greatest common divisor of 170 and 19958?
34
Calculate the highest common divisor of 881258 and 7.
7
Calculate the highest common divisor of 17 and 424507.
17
What is the greatest common divisor of 882 and 150?
6
What is the greatest common factor of 126839 and 1?
1
What is the greatest common divisor of 192 and 70032?
48
Calculate the greatest common divisor of 3146 and 143572.
286
What is the greatest common factor of 972 and 211248?
324
Calculate the highest common factor of 125069 and 119.
119
What is the highest common divisor of 14 and 57652?
14
What is the highest common divisor of 2282 and 686?
14
Calculate the highest common factor of 83202 and 9212.
98
What is the highest common divisor of 13 and 99398?
13
What is the highest common factor of 893362 and 6736?
842
What is the greatest common factor of 1161 and 1755?
27
Calculate the highest common divisor of 4716 and 81351.
1179
Calculate the highest common divisor of 51354 and 14256.
162
Calculate the highest common factor of 47 and 1400741.
47
Calculate the greatest common divisor of 3136 and 11200.
448
Calculate the highest common factor of 607 and 636136.
607
Calculate the greatest common divisor of 12584 and 4160.
104
Calculate the highest common divisor of 8 and 16088.
8
What is the highest common divisor of 593 and 1808057?
593
Calculate the highest common factor of 20838 and 828.
138
Calculate the highest common factor of 27 and 19863.
9
Calculate the greatest common factor of 54 and 311013.
27
What is the highest common divisor of 372375 and 225?
225
What is the greatest common factor of 17916105 and 15?
15
What is the highest common divisor of 33229 and 48076?
707
Calculate the highest common factor of 348455 and 55.
5
Calculate the greatest common divisor of 15517 and 42869.
263
Calculate the highest common factor of 102 and 85578.
102
Calculate the greatest common factor of 38837 and 3692.
71
Calculate the highest common divisor of 1356819 and 206.
103
What is the highest common divisor of 7406 and 5152?
322
What is the highest common divisor of 193644 and 252?
36
Calculate the highest common divisor of 20869 and 13743.
509
What is the highest common divisor of 29216 and 2464?
352
Calculate the highest common divisor of 51 and 292553.
17
Calculate the highest common divisor of 204 and 59636.
68
Calculate the highest common factor of 2875 and 15175.
25
What is the highest common divisor of 3000 and 12250?
250
What is the highest common factor of 664 and 1425442?
166
Calculate the greatest common divisor of 15838 and 4.
2
What is the highest common factor of 1179026 and 19?
19
Calculate the highest common divisor of 218488 and 496.
248
What is the greatest common divisor of 2330293 and 931?
931
What is the highest common divisor of 970173 and 4913?
289
What is the highest common divisor of 6993 and 12852?
189
What is the highest common factor of 1308 and 331251?
327
Calculate the highest common divisor of 2867 and 9682.
47
What is the highest co